/((-8)/2 + 3). Let x = 48 + d. What are the prime factors of x?
17
Let r = 3915 - 534. List the prime factors of r.
3, 7, 23
Let g be 3800/12 - (-2)/(-3). Let o = g - 170. List the prime factors of o/4 + 11/22.
37
Let z be 4/((-12)/1) + 14/6. Suppose -2*t = -8, 0 = -z*x - 2*x + 4*t + 160. List the prime factors of x.
2, 11
Let p be 112/20 + 84/(-15) + 5. Let w(g) = g - 1. Let s be w(6). Suppose -p - 50 = -s*y. What are the prime factors of y?
11
Suppose 0 = 15*u + 10*u - 28350. List the prime factors of u.
2, 3, 7
What are the prime factors of (13/(2 - -11))/((-1)/(-1181))?
1181
Suppose -v - 10 = v - 2*y, 9 = -3*v + y. What are the prime factors of v/(-7) + (-1116)/(-14)?
2, 5
Let x(i) = -i**3 - 14*i**2 - 2*i - 4. Let g(l) = -l**3 + 5*l**2 + 5*l + 6. Let s be g(6). Suppose d + 14 + s = 0. List the prime factors of x(d).
2, 3
Let a(r) = 3*r**2 + 49*r - 450. List the prime factors of a(10).
2, 5, 17
Suppose 5*s = 2*s + 24. Suppose -6*a = -2*a - s. Suppose a*m = -m + 84. List the prime factors of m.
2, 7
Let b(x) = 29*x**2 + 11*x - 17. List the prime factors of b(4).
491
Let s = 950 - 571. List the prime factors of s.
379
Let p(w) = w**3 + 4*w**2 - 8*w - 12. Let d be p(-5). Suppose -d*u + u + 64 = 0. List the prime factors of u.
2
Suppose 0*n - 16 = 4*n. Let t be (2/n)/((-4)/(-8)). Let p(m) = -23*m + 2. What are the prime factors of p(t)?
5
Let n = -345 + 2173. List the prime factors of n.
2, 457
Let d = -162 - -96. Let r = 119 + d. List the prime factors of r.
53
Let v(m) = m**3 + 8*m**2 + 7*m + 11. Let s(g) be the third derivative of -g**4/8 - 7*g**3/6 - 11*g**2. Let o be s(0). What are the prime factors of v(o)?
11
Let u be (-1)/((-5)/(-125))*-1. Let q be (-1)/(-1)*-2 - -38. Suppose -y + u = -3*b, 2*y - 8 = 4*b + q. What are the prime factors of y?
2
Let h = -1531 + 231. List the prime factors of (h/30)/(2/(-3)).
5, 13
Let m(d) = d**3 + 3*d**2 - 3*d + 4. Let s be m(-4). Suppose s = -4*b + 9 + 23. Let o(a) = a. List the prime factors of o(b).
2
Suppose -5*x - 1 = -4*x, -4*o + 4*x + 3136 = 0. List the prime factors of o.
3, 29
Let a(j) be the first derivative of -6*j**2 + 51*j - 19. List the prime factors of a(-8).
3, 7
Let y(w) = w. Let p(f) = 9*f - 4. Let j(g) = p(g) - 6*y(g). Let h be j(3). What are the prime factors of (-14)/h*(-15)/3?
2, 7
Let b = 4529 - 1305. What are the prime factors of b?
2, 13, 31
Suppose y - 301 - 928 = 0. What are the prime factors of y?
1229
Let o(u) = u**3 + 9*u**2 + 17*u - 22. Let k be o(-9). Let f = 322 + k. List the prime factors of f.
3, 7
Let k(f) = -f**3 + 8*f**2 - 5*f - 4. Let w(c) = c**2 + 2*c - 2. Let j be w(2). Let d be 4/j*180/24. What are the prime factors of k(d)?
2, 23
Suppose -l + 4*p = -0*l + 16, p - 17 = -3*l. Suppose -l*q + 121 + 103 = 0. What are the prime factors of q?
2, 7
Suppose 5*o + 3*x - 228 = 0, 3*o + 4*x = 2*x + 136. Let l = -10 + 15. What are the prime factors of -4 - (-3 + l - o)?
2, 3, 7
Let g = 6 - 4. Let j be -3*(g - 1048/12). Suppose q = 5*q - j. List the prime factors of q.
2
Suppose 215*c - 203*c - 44184 = 0. What are the prime factors of c?
2, 7, 263
Let b(r) = r**3 - 19*r**2 + 3*r - 16. Let m be b(19). Suppose 584 = m*h - 37*h. What are the prime factors of h?
2, 73
What are the prime factors of (-7598)/(-8) + 6/(-8) - -7?
2, 239
Let a = -2278 - -3199. What are the prime factors of a?
3, 307
List the prime factors of (8 - (-639)/(-81)) + (-6803)/(-9).
2, 3, 7
Suppose 2*r = j + 28, -4*j + 2*j = 5*r - 79. Suppose 0 = c + r - 120. List the prime factors of c.
3, 5, 7
Let y(o) = -24*o - 15. Suppose -8*r - 16 - 24 = 0. What are the prime factors of y(r)?
3, 5, 7
Suppose -k + 26 + 51 = 0. Let l = k - 13. What are the prime factors of l?
2
Suppose -h - 48 = -13*h. What are the prime factors of (h + (-8)/1)*(1 - 16)?
2, 3, 5
Let t(u) = u**2 + 6*u - 3. Let m be t(5). List the prime factors of m/5*(-325)/(-26).
2, 5, 13
Suppose 2*n + 11442 = 4*w - 0*w, -w - 4*n + 2838 = 0. List the prime factors of w.
2, 1429
Let i = -188 - -291. What are the prime factors of i?
103
Suppose 62 = 7*a - 2*a - 2*c, -4*c = 4*a - 72. List the prime factors of 2258/a + (-10)/35.
7, 23
Suppose -6*g - g = 0. Suppose -8*t = 5*j - 3*t - 40, 0 = -5*t + 10. Suppose g = -4*p + 246 + j. List the prime factors of p.
3, 7
Let n(i) = i**3 - 9*i**2 + 3*i - 7. Let a be (-20)/7*14/(-4). List the prime factors of n(a).
3, 41
List the prime factors of -1*5/(20/(-2728)).
2, 11, 31
Let w(j) = j + 38. Let f be w(0). Let l(o) = -o**2 + 7*o + 10. Let x be l(8). Suppose k - f = -x. What are the prime factors of k?
2, 3
Let y = -119 + 4476. List the prime factors of y.
4357
Let a(l) be the second derivative of l**3/3 - 5*l**2/2 + 7*l. Let r be a(-14). Let z = 63 + r. What are the prime factors of z?
2, 3, 5
Let p(g) = 5*g**2 + 29*g + 238. What are the prime factors of p(-7)?
2, 5, 7
Let a = 43 + -31. Let h(s) = 6*s - 46. Let m be h(10). Let c = a + m. What are the prime factors of c?
2, 13
Let g(c) = -38*c - 10. Let m be g(-2). Let y = 46 - 86. Let b = m + y. List the prime factors of b.
2, 13
Let p = 42 - 30. What are the prime factors of 36 + (p/15)/(8/(-20))?
2, 17
Let l = 219 - -397. List the prime factors of l.
2, 7, 11
Let h(v) = -3*v**2 + 6*v + 1. Let m be h(-5). Let g = m - -157. What are the prime factors of (-2 - g)*(-11 + 10)?
5, 11
Let i(t) = -t**3. Let g be i(1). Let m be (g + -1 - 53) + -2. List the prime factors of (-4)/(-6)*m/(-2).
19
Let o = 51 - -180. Suppose -o - 276 = -3*i. What are the prime factors of i?
13
Suppose -4*w - 14 = -3*l, -2*l + 2*w + 2 + 8 = 0. Suppose -l*p = 4*p - 2000. What are the prime factors of p?
2, 5
Let f = -16 + 22. Suppose 4*z - 8 = -2*j + f, -18 = -3*j - 3*z. Suppose 4*q - j = -q, 0 = -m - 5*q + 13. What are the prime factors of m?
2
Suppose 890 = 4*f + 3*a, -f + 17 + 200 = -2*a. List the prime factors of f.
13, 17
Let i(k) = -k**2 - k + 20. Let v be i(-5). Suppose v = 3*d - 428 - 355. List the prime factors of d.
3, 29
Suppose 23*y - 19*y - 52 = 0. Suppose 8*f = y*f - 285. What are the prime factors of f?
3, 19
Suppose 0 = -l - 0*l - 2. Let o be 0 - (-1 - (l + 3)). What are the prime factors of -1 + o - (-5 - 8)?
2, 7
Let k(d) = 2*d**2 + 2*d + 6. Let l be k(-3). Suppose -2*i + h - 1 = 0, i - 5 = 5*i - h. Let s = i + l. What are the prime factors of s?
2
Suppose -5*h + 4*g + 12057 = -40, -3*h + 5*g = -7253. List the prime factors of h.
3, 269
Let p be (-48)/(-9)*(-5)/(30/(-9)). Suppose r + 5*v - 306 = 0, p*v = -3*r + 3*v + 928. What are the prime factors of r?
311
Let l be -4 - 2 - (1 - 0). Let m = l - -28. What are the prime factors of m?
3, 7
Suppose 2*p + 38 = -0*g - 5*g, -4*p + 2*g = 52. List the prime factors of 24*p/(-3) - (-11 - -10).
113
Let c = -314 - -1334. List the prime factors of c.
2, 3, 5, 17
Suppose 2*n = 4*n - 220. Suppose n = 26*o - 24*o. List the prime factors of o.
5, 11
Suppose 0 = -10*d + 5*d + 5*y + 45, d = -3*y - 11. Let q be (-48)/(-3)*(-1)/(-1). Suppose 0 = s + d*a - 6*a - 2, q = s + 5*a. List the prime factors of s.
2, 3
Suppose 2*v - 432 = -2*v. Suppose 5*h + v = 9*h. Suppose 0 = 4*d + h - 127. What are the prime factors of d?
5
Let l = 104 - 38. Suppose 0 = -10*j + 13*j + 99. Let t = l + j. What are the prime factors of t?
3, 11
Let r be (-4)/(-18) - (-75)/27. Suppose i - 4 = 0, -2*k + 4*i + 3 = -k. Let o = k - r. List the prime factors of o.
2
Let n be 2/4 + (-1138)/4. Let m = -91 - n. What are the prime factors of m?
193
Let c = -1913 + 2822. What are the prime factors of c?
3, 101
Let x = -1305 - -2475. What are the prime factors of x?
2, 3, 5, 13
Suppose 0 = 5*j - 26 - 34. Let x(w) = 2*w + 19. What are the prime factors of x(j)?
43
Let v = 3648 + -2504. List the prime factors of v.
2, 11, 13
Suppose -s = -q + 1, -q = 4*s - s - 5. Suppose -2*h - 253 = -3*g, -q*g + 88 = -g + 3*h. Let v = g + -55. What are the prime factors of v?
2, 3, 5
What are the prime factors of (-3)/15 - (-11)/((-440)/(-23808))?
5, 7, 17
Let j = 1482 + 1923. What are the prime factors of j?
3, 5, 227
Suppose -112 = -3*i - b - 548, 0 = -3*i + 4*b - 461. Let g = 288 + i. List the prime factors of g.
3, 47
Let k = 22 - 25. List the prime factors of k/(-27) + (-700)/(-18).
3, 13
Let n(w) be the third derivative of w**4/24 - 5*w**3/3 + 3*w**2. Let k(j) = -j**3 + 2*j**2 + 16. Let l be k